+ 309).
68
Calculate 23 + 46 + -9 + -47.
13
Calculate 1 + -6 + -2 + -7 + 15 - (1 - 54).
54
Evaluate 7 + 74 - (23 + -61 + 26 - -5).
88
(-63 + 4 - 5) + -12
-76
Calculate (-37 - 51) + -244 + 359.
27
What is -37 + (-770 + 840 - (37 + 1))?
-5
-60 - (44 + -41 - 52)
-11
What is the value of (208 - 157) + (2 - -2) + -13 + 1?
43
45 - 31 - (-7 - -4) - 57
-40
What is (-20 - 1) + (3 - 39 - (-186 - -138))?
-9
Calculate -40 - ((-45 - -32) + -22).
-5
Evaluate 14 + -64 + -8 + 15 + 9 + -14.
-48
Evaluate 59 + (20 - -15) + -39.
55
Calculate -2 + 10 + -7 + -5 + (-5 - -16).
7
Evaluate -28215 + 28158 - (0 + 56).
-113
What is 88 + -24 + 2 - 27 - (-8 + 2)?
45
Evaluate (8 - 15) + 11 + (-96 - -39).
-53
What is -23 + 18 - 11 - (-32 - -53)?
-37
-249 - -253 - (-5 + (48 - (-1 - -1)))
-39
What is the value of (-124 - -1) + (577 - 573) - (1 + 1 + -14)?
-107
12 - (76 - (-7 + (19 + -14 + 3 - 7)))
-70
14 - (24 - 0 - -6) - 6
-22
Calculate (0 - (-24 + (8 - (-6 + 4)))) + (10 - 22).
2
What is the value of -1 + -25 + (2 - (-13 + (42 - 16))) + 6?
-31
Evaluate (66 + -53 - 11) + -91.
-89
Calculate 10 + -14 + 39 + -6 + (8 - -11) + -7.
41
2 + (56 + -32 - 5) + (-130 - -2)
-107
Calculate 134 - 54 - ((-9 - (-21 - -7)) + 0 + 6).
69
(2 - 63 - 1) + (-38 - (-201 + 183))
-82
-67 + 33 + 24 + 49
39
Evaluate (41 - (-13 + 52)) + 12.
14
Calculate 6 + 1 + -1 + (-35 - -99 - 79).
-9
(25 - (-1 - (1 - 4))) + (-218 - -229)
34
What is -82 - ((5 - (-1 - -12 - 0)) + 9 - -11)?
-96
Calculate 28 - (-23 + 45) - ((0 + 66 - 5) + -5).
-50
Evaluate 153 - (-16 + 86) - 65.
18
Evaluate -119 + -122 + 197 + -22 + -1.
-67
4244 + -4238 - (-19 - (-1 - -1))
25
What is -2995 + 3001 + (9 - 1) + 0 + 1 + 72?
87
-12 - 8 - (102 + -14)
-108
(-5 + 23 - 0) + (7 - (15 - 2)) + 7
19
What is the value of (285 - 298) + 4 + -1?
-10
What is the value of 16 - (31 + (0 - 51))?
36
Calculate (-49 + -23 - -45) + 171.
144
Evaluate (1 - 0) + 7 + 59 + -74 + 6 + 107.
106
Calculate (-95 - -2) + -1 + -49 + -298 + 354.
-87
Evaluate 3 - (-8 - (69 - -8)) - (38 - 27).
77
What is -149 - -192 - (13 - -84)?
-54
Evaluate (-81 - -155 - 64 - (-1 - -1 - -2)) + 18.
26
What is 16 - (-3 + 1 - (110 - 125) - 3)?
6
(-31 - -64 - 14) + -15 + 45
49
What is the value of -17 - (-67 - 17) - 3?
64
Calculate 18 + (-1 - -2 - (160 + -167) - 8).
18
Calculate 8 - 2 - 68 - (109 - 104 - (0 - -10)).
-57
Calculate 40 + 0 - (-14 + 93 + 0 + -60).
21
Evaluate -1 + 7 - (82 + 8 + -100) - 115.
-99
What is the value of (-1 - -6) + 289 + -274 - -30?
50
What is the value of 2 - ((-2 - 11) + -13 + (79 - 16))?
-35
What is -66 + (-14 - -13) - -10?
-57
What is (-9 - (-10 - -95)) + (8 - -12) - 14?
-88
(1 + -24 - (718 + -819)) + 1 + (4 - 6)
77
Calculate 13 + (4 - (3 - 3)) + (-7 - 2) + 30.
38
What is the value of 8 - -1 - (-8 + (10 - -3)) - (-23 + 4)?
23
Calculate (1215 - 1180) + 7 + -3 + -40.
-1
What is -63 + 3 - -56 - (3 + -1 + -59)?
53
Calculate -24 + (6 - (-35 - -6)).
11
Evaluate -14 - (-33 + 17) - -3 - (6 + -1).
0
Calculate -44 + -8 + 2 + 14 + 18 + -24.
-42
85 + -1 + -9 + -4 + (-14 - -27)
84
Evaluate -21 + (1 + 9 + -3 - (-8 - -14)).
-20
Evaluate -51 - ((23 - 5) + -52).
-17
What is -11 + 13 + -6 + 32 - 67?
-39
What is (23 - -10) + -75 - (43 + -197)?
112
-309 - -325 - (131 - -2)
-117
Calculate 1 + 30 + -4732 + 4729.
28
Evaluate 15 + (0 - 140) + (-293 - -294).
-124
What is the value of -426 + 328 + (3 + 9 - 5)?
-91
What is the value of 14 + (-88 - 170) + 117?
-127
Calculate (24 - (-11 - -14)) + -91 + 24.
-46
Evaluate (43 - 14) + 99 + -82.
46
Calculate -137 - (-38 - 9 - -19).
-109
52 + 65 + -54 - 108
-45
What is the value of -81 + -59 + 136 + (-24 - -2)?
-26
145 + -20 - 42 - 3
80
Calculate -11 + (16 + -33 - -18) + (48 + -6 - -3).
35
What is the value of -34 + (-126 - -82) + 56?
-22
What is the value of (63 - 30) + (15 - 65) - 28?
-45
Evaluate ((0 - -1) + 31 + -9 + -13 - 7) + 4.
7
Evaluate -128 + 121 - (2 - -4).
-13
1791 + -1778 + (-5 - -21) - (0 + 1 + -9)
37
Evaluate 18 + -1 - (12 + (-4 + -14 - -2)).
21
Calculate 20 - (-43 - -68) - -52.
47
-1467 - -1403 - (-19 + -1)
-44
Evaluate 2519 + -2540 - (1 - -6).
-28
Calculate 12 - 1 - 14 - (1 - (49 - (-7 + -1))).
53
Calculate 16 - (-10 - ((-116 - -127) + 2 + -86)).
-47
Evaluate -2575 + 2538 - (-51 + 2).
12
What is 93 + -82 + -2 + 27 + 3?
39
Calculate 3 - ((-4 - 6) + -1 - (-1 - (-6 + 21))).
-2
Evaluate 73 - (0 + -4 + 6 - (243 - 254) - 7).
67
What is the value of ((-1 - 13) + 6 - -8) + (25 - -4)?
29
What is the value of -26 - ((2 - 25) + -7)?
4
Calculate (68 - -32 - 42) + -17.
41
What is (-144 - -197) + -38 + -2?
13
Calculate -2 + 7 + (-41 - (-10 + 19)).
-45
Evaluate (701 - 846) + -13 + 88.
-70
Evaluate 1 - 7 - (45 + -120 + 27).
42
-1 + (18 - (-3 - -5)) + (656 - 668)
3
Evaluate -6 + 3 + 1 + -45 + 95 - 5.
43
27 + -19 + 66 + -42
32
What is the value of -4 - 17 - (-43 - -25 - -4) - (2 + 2)?
-11
Calculate 44 - (12 + -34 + 9) - 5.
52
What is -50 - (-34 + (-29 - 9))?
22
What is the value of (472 - 459) + (18 - -3)?
34
Calculate (-89 - -56) + 194 - 106.
55
What is (33 - (27 + 38)) + 21?
-11
116 - (51 - 121 - -98)
88
Calculate ((-7 - 9) + 4 - (9 + (-46 - -18))) + -27.
-20
-135 + -15 + 73 + 43
-34
Calculate 21 + 5 + 10 - (9 - 12).
39
What is the value of -127 + 14 + 98 + -20 + 1 + -4 + 1?
-37
What is the value of 1 - -1 - -3 - (8 + 2 - (84 - 67))?
12
What is 47 + (23 - -77) + -43?
104
What is the value of 118 + (51 - 90) + 3?
82
Calculate 20 + -38 - (7 + 15 + -52).
12
-6 + -58 + 24 + (0 - -10 - 2)
-32
What is (13 - (13 + -2) - (22 + -6)) + -6?
-20
-7 + -1 - (21 - (-9 - (-32 - 4)))
-2
What is the value of -13 + 10 + 3 + 3 + 50 + 0?
53
What is 2 - -7 - -16 - (-15 + 2)?
38
-15 - (-140 + 141 + -1 + 18)
-33
-11 + 2 - (99 + -75)
-33
Calculate 3 + 12 + 13 + -8 + -58 + 5.
-33
Calculate 156 - 182 - (-42 + -28).
44
0 + -2 + (756 - 708) + -127
-81
55 - (-51 + -7) - 9
104
What is (-9 - -7) + (-12 - 2) + 20?
4
What is (1 - 29) + -12 + (14 - 25) + 31?
-20
(1 - 38 - 74) + 112
1
(-5517 - -5495) + 26 + -2 + 0
2
What is 75 - (16 + -6 + 136)?
-71
What is -50 + -1 - (-123 + (208 - 105))?
-31
What is the value of -20 + (-15 - -3) - (-21 - -34)?
-45
Evaluate -47 + (10 - -4) + 2 + (-20 - -7).
-44
Calculate 1431 + -1291 - (202 - -14).
-76
Evaluate (-89 + 49 - -18) + 66.
44
(-29 + -4 - (-202 - -181)) + 85
73
(10 - 2) + (9 - (6 - 32 - -79))
-36
What is the value of -9 - (39 + -14 - -3)?
-37
Evaluate 50 - (13 + (25 - 29 - 32)).
73
Evaluate 1 + -6 - ((40 - 40) + 53 + -24).
-34
Evaluate (35 - -3) + -141 + 275 + -172.
0
What is -13 + 15 + -20 - -20?
2
Evaluate 0 + 63 - (129 - 18).
-48
What is 13 - (-40 + 49) - 67?
-63
What is the value of -129 - 7 - -344 - 108?
100
Evaluate -10 + 0 - (-34 - (-42 + 12) - -79 - 27).
-58
Evaluate -104 + 42 + (3 - 2 - (7 + -3)) + 0.
-65
7919 + -7853 - (-1 - -132)
-65
Evaluate (15 - 6 - (-2 - -13 - 6)) + 1 + 11.
16
What is the value of 284 + -459 - -165 - (9 - (-2 - -2 - 2))?
-21
40 - ((7 - 2) + 9 - 8)
34
Evaluate -90 + -1 + -1 + (353 - 374) - 17.
-130
What is the value of 5 + (15 + -17 + 7 - 46)?
-36
Evaluate 0 - (0 - (-3 + (-3 - -5))) - (326 - 370).
43
Evaluate -1 - (8 + 1 + -23).
13
What is the value of (-475 - -487) + (-17 - 2) + -5 + 10?
-2
What is (26 + -14 - 29) + 23 + 12 + -44?
-26
Calculate 18 + 0 + -30 + (-3 - -2).
-13
Calculate -94 + 44 - (-1932 + 1926 + (-1 - 0) + -4).
-39
What is the value of (63 - -4) + -275 + 196?
-12
10 - (-16 - -21) - (3 + -8 - (1 - -11))
22
Calculate (-8 - 21) + (-98 - -111) + 0 + 3 + 0.
-13
What is (161 - (103 - 59)) + -72?
45
-1492 + 1496 + -12 + 0 + (-1 - (0 - 42))
33
-7 + -71 + (8 + (13 - 25) - -26 - 9)
-65
22 + -16 - 20 - (-33 - -8) - (3 + -14)
22
What is the value of -4 + -83 + -832 + 867?
-52
What is (61 - ((-3 - 7) + 9)) + (-15 - (-30 - -6))?
71
What is -13 - (-11 + (21 - 14)) - 28?
-37
What is 1 - 11 - ((14 - -5) + -7 - 29 - 10)?
17
Evaluate ((-16 - 6) + 3 - -11) + 8 + -40.
-40
What is (134 - 1) + -283 + (-143 - -439)?
146
(3 - 1 - -8) + (138 - 27 - 149)
-28
Evaluate -10 - (2 + -140 + (-1 - 4) - (165 + -178)).
120
Calculate 5 - ((-39 - 30) + -9 + (6 - 15)).
92
What is 45 - (-63 - (-79 + -24))?
5
Evaluate 2 - ((-30 - -34) + (1 - -3) + -41).
35
Evaluate (208 + -186 - (1 + -4)) + -64.
-39
What is -12 + (-62 + 107 - 63)?
-30
What is the value of 22 + (48 - 16 - 19)?
35
Evaluate 4 + -91 + (-58 - -110).
-35
-33 + (32 - -8) - (0